{"id":100,"date":"2016-02-17T10:33:20","date_gmt":"2016-02-17T16:33:20","guid":{"rendered":"https:\/\/finabien.gob.mx\/gobmx\/?page_id=100"},"modified":"2016-06-15T09:27:10","modified_gmt":"2016-06-15T14:27:10","slug":"estudios-y-opiniones","status":"publish","type":"page","link":"https:\/\/finabien.gob.mx\/gobmx\/estudios-y-opiniones\/","title":{"rendered":"Estudios y Opiniones"},"content":{"rendered":"<p>Investigaciones, opiniones, encuestas, evaluaciones y dem\u00e1s proyectos de consultor\u00eda contratados o financiados con recursos p\u00fablicos.<\/p>\n<p><!---Estudios y opiniones sobre el quehacer gubernamental, financiados con recursos p\u00fablicos desde el a\u00f1o 2006 a la fecha.\n\n\n<p style=\"text-align: center;\"><strong>Noviembre 2007 - Agosto 2015<\/strong><\/p>\n\n--><\/p>\n<table class=\"table table-bordered\">\n<thead>\n<tr>\n<th>Contrato No. y proveedor<\/th>\n<th>Nombre de la persona f\u00edsica o moral que elaboro el estudio u opini\u00f3n<\/th>\n<th>Tipo de contrataci\u00f3n<\/th>\n<th>Periodo en el que se desarrollo<\/th>\n<th>Costo $MN<\/th>\n<th>Costo $USD<\/th>\n<th>Consulta el estudio u opini\u00f3n<\/th>\n<th>Unidad administrativa responsable de la informaci\u00f3n<\/th>\n<\/tr>\n<\/thead>\n<tbody>\n<tr>\n<th scope=\"row\">150\/2007 &#8220;Baker &#038; Mckenzie, S.C.&#8221;<\/th>\n<td>Lic. Jesus Francisco Hernandez<\/td>\n<td>Ad caas sesion extraord. 14\/2007<\/td>\n<td>20 de noviembre al 31 de diciembre de 2007<\/td>\n<td>$246,808.40<\/td>\n<td>N\/A<\/td>\n<td>Servicio de profesionales de car\u00e1cter legal consistentes en asesoramiento juridico<\/td>\n<td>Direcci\u00f3n de Asuntos Juridicos<\/td>\n<\/tr>\n<tr>\n<th scope=\"row\">156\/2007 &#8220;Satelites Mexicanos S.A. de C.V.&#8221;<\/th>\n<td>Ing. Humberto Abaunza Castillo<\/td>\n<td>Adjudicaci\u00f3n directa<\/td>\n<td>Del 24 al 28 de diciembre de 2007<\/td>\n<td>N\/A<\/td>\n<td>$65,550.00<\/td>\n<td>Servicio de consultoria especializada para analizar la vialidad de incluir una carga \u00fatil en banda &#8220;l&#8221; en el satelite satmex 7<\/td>\n<td>Direcci\u00f3n T\u00e9cnica\/ Gerente del Centro Operativo Movisat<\/td>\n<\/tr>\n<tr>\n<th scope=\"row\">037\/2008 &#8221; Despacho Backer &#038; Mckenzie Abogados, S.C.&#8221;<\/th>\n<td>Lic. Jesus Francisco Hernandez<\/td>\n<td>Ad caas sesion extraordinaria 02\/2008<\/td>\n<td>31 de diciembre de 2008<\/td>\n<td>$258,750.00<\/td>\n<td>N\/A<\/td>\n<td>Asesoramiento jur\u00eddico para atender ante la junta de conciliaci\u00f3n y arbitraje el conflicto de emplazamiento a huelga que formul\u00f3 el sindicato \u00fanico nacional de trabajadores de telecomunicaciones de m\u00e9xico<\/td>\n<td>Direcci\u00f3n de Asuntos Jur\u00eddicos \/ Gerente de lo Contencioso Laboral y Penal<\/td>\n<\/tr>\n<tr>\n<th scope=\"row\">135\/2008 &#8220;Petraforma, S.A. de C.V.&#8221;<\/th>\n<td>Ing. Pedro Valdes<\/td>\n<td>Ad caas sesion ord. 9\/2008<\/td>\n<td>04 de agosto al 26 de septiembre<\/td>\n<td>$1,794,908.50<\/td>\n<td>N\/A<\/td>\n<td>Servicio profesional de capacitaci\u00f3n de oracle en todos y cada uno de los m\u00f3dulos del siaf en la parte operacional y en la parte t\u00e9cnica<\/td>\n<td>Direccion de Administracion de Recursos Humanos \/ Subdirector de Sistemas de Inf\u00f3rmatica<\/td>\n<\/tr>\n<tr>\n<th scope=\"row\">142\/2008 &#8220;Ing Carlos A. Merchan Escalante&#8221;<\/th>\n<td>Ing. Humberto Abaunza Castillo<\/td>\n<td>Ad caas sesion extraord. 10\/2008<\/td>\n<td>15 de agosto al 31 de diciembre de 2008.<\/td>\n<td>$391,000.00<\/td>\n<td>N\/A<\/td>\n<td>Consultor\u00eda especializada en banda &#8220;l&#8221; para registro y coordinaci\u00f3n de frecuencias y an\u00e1lisis de tecnolog\u00eda para el desarrollo de la siguiente generaci\u00f3n de servicios m\u00f3viles satelitales de seguridad nacional<\/td>\n<td>Direcci\u00f3n T\u00e9cnica\/ Gerente del Centro Operativo Movisat<\/td>\n<\/tr>\n<tr>\n<th scope=\"row\">162\/2008 &#8220;Sonda Pissa, S.A. de C.V.&#8221;<\/th>\n<td>Lic. Gerardo Mart\u00ednez Canales<\/td>\n<td>Ad caas sesion extraord. 14\/2008<\/td>\n<td>1 de diciembre de 2008 al 22 de mayo de 2009<\/td>\n<td>$2,968,437.51<\/td>\n<td>N\/A<\/td>\n<td>Servicio de consultoria para la adecuaci\u00f3n del grp.<\/td>\n<td>Direccion de Finanzas y Administracion\/ Subdirecci\u00f3n de Presupuesto y Contabilidad<\/td>\n<\/tr>\n<tr>\n<th scope=\"row\">124\/2010 &#8220;Jose Hernan Garza Villarreal&#8221;<\/th>\n<td>Ing. Gilberto Velasquez G\u00f3mez<\/td>\n<td>Ad caas sesion extraord. 08\/2010<\/td>\n<td>10 de septiembre de 2010, al 12 de noviembre de 2010<\/td>\n<td>$396,720.00<\/td>\n<td>N\/A<\/td>\n<td>Servicios de consultor para los servicios de estudio de mercado<\/td>\n<td>Direcci\u00f3n T\u00e9cnica\/ Enc. de la Gerencia Tecnico del Telepuerto de Iztapalapa<\/td>\n<\/tr>\n<tr>\n<th scope=\"row\">120\/2011 Perspectiva y Visi\u00f3n Integral, S.C.<\/th>\n<td>L.c. Benjam\u00edn Balboa Andrade<\/td>\n<td>Adjudicaci\u00f3n directa<\/td>\n<td>06 de septiembre al 11 de octubre de 2011<\/td>\n<td>$324,800.00<\/td>\n<td>N\/A<\/td>\n<td>Prestaci\u00f3n de servicios sobre la realizaci\u00f3n de un estudio acerca de la pol\u00edtica y tratamiento de servidores p\u00fablicos expatriados en comisi\u00f3n oficial en el extranjero y retenci\u00f3n de talento.<\/td>\n<td>Direcci\u00f3n de Finanzas y Administraci\u00f3n<\/td>\n<\/tr>\n<tr>\n<th scope=\"row\">0131\/2011 &#8221; Despacho Backer &#038; Mckenzie Abogados, S.C.&#8221;<\/th>\n<td>Lic. Jesus Francisco Hernandez<\/td>\n<td>Adjudicaci\u00f3n directa<\/td>\n<td>01 de octubre al 31 de diciembre de 2011<\/td>\n<td>$580,000.00<\/td>\n<td>N\/A<\/td>\n<td>Asesoramiento jur\u00eddico para atender ante la junta de conciliaci\u00f3n y arbitraje el conflicto de emplazamiento a huelga que formul\u00f3 el sindicato \u00fanico nacional de trabajadores de telecomunicaciones de m\u00e9xico<\/td>\n<td>Direcci\u00f3n de Asuntos Jur\u00eddicos \/ Gerente de lo Contencioso Laboral y Penal<\/td>\n<\/tr>\n<tr>\n<th scope=\"row\">160\/2011 Laticce Laboratorios, S.C.<\/th>\n<td>Ing. Gilberto Velazquez G\u00f3mez<\/td>\n<td>Ad caas sesion extraord. 17\/2011<\/td>\n<td>17 de noviembre al 31 de diciembre de 2011<\/td>\n<td>$794,000.00<\/td>\n<td>N\/A<\/td>\n<td>Servicio de estudio de an\u00e1lisis de interferencia de radio frecuencia (irf)<\/td>\n<td>Direcci\u00f3n T\u00e9cnica\/ Subdirecci\u00f3n T\u00e9cnica de Comunicaci\u00f3n Movil y Rural Satelital<\/td>\n<\/tr>\n<tr>\n<th scope=\"row\">028\/2012 Mario Ocampo Rosales<\/th>\n<td>Lic. Yanina Navarro Swierzynski<\/td>\n<td>Adjudicaci\u00f3n directa<\/td>\n<td>13 de febrero de 2012 al 13 de junio de 2012. <\/td>\n<td>$294,988.00<\/td>\n<td>N\/A<\/td>\n<td>Consultor\u00eda para el dise\u00f1o y desarrollo de la estrategia de relaciones publicas, comunicaci\u00f3n interna, posicionamiento de productos, servicios en el mercado de las telecomunicaciones y de servicios financieros b\u00e1sicos.<\/td>\n<td>Direcci\u00f3n General<\/td>\n<\/tr>\n<tr>\n<th scope=\"row\">051\/2012 Lucasian Labs M\u00e9xico, S.C.<\/th>\n<td>M.c. Jorge Carlos Marentes Carrillo<\/td>\n<td>Adjudicaci\u00f3n directa<\/td>\n<td>18 de abril de 2012 y a terminarlos a los 20 d\u00edas h\u00e1biles posteriores<\/td>\n<td>$69,600.00<\/td>\n<td>N\/A<\/td>\n<td>Prestaci\u00f3n del servicio del diagn\u00f3stico t\u00e9cnico transversal de la plataforma sigitel.<\/td>\n<td>Direcci\u00f3n T\u00e9cnica de Inform\u00e1tica y Servicios Financieros<\/td>\n<\/tr>\n<tr>\n<th scope=\"row\">094\/2012 Instituto Nacional de Administraci\u00f3n P\u00fablica, A.C.<\/th>\n<td>Ing. Gilberto Velazquez G\u00f3mez<\/td>\n<td>Adjudicaci\u00f3n directa art. 1o<\/td>\n<td>16 de julio de 2012 al 31 de diciembre 2013.<\/td>\n<td>$6,501,642.24<\/td>\n<td>N\/A<\/td>\n<td>Asistencia t\u00e9cnica a telecomm, conforme el marco regulatorio nacional e internacional, en los trabajos de coordinaci\u00f3n de las posiciones orbitales y las frecuencias asociadas del sistema satelital mexicano mexsat para el servicio m\u00f3vil de los sat\u00e9lites centenario y morelos 3, en las bandas l y ku planificada, as\u00ed como para los servicios fijos del sat\u00e9lite bicentenario, en las bandas c extendida y ku extendida<\/td>\n<td>Direcci\u00f3n Tecnica de Telecomunicaciones y Mexsat<\/td>\n<\/tr>\n<tr>\n<th scope=\"row\">Contrato 273\/2012 Despacho Solloa, Tello de Meneses y Compa\u00f1\u00eda, S.C.<\/th>\n<td>M.B.A. Silvia Espinosa Wolf<\/td>\n<td>Adjudicaci\u00f3n Directa Art. 42<\/td>\n<td>4 de julio de 2012 al 4 de julio de 2013<\/td>\n<td>$1,258,716.00<\/td>\n<td>N\/A<\/td>\n<td>Prestaci\u00f3n de Servicios para la Realizaci\u00f3n  de Auditor\u00edas Externas<\/td>\n<td>Direcci\u00f3n de Finanzas y Administraci\u00f3n<\/td>\n<\/tr>\n<tr>\n<th scope=\"row\">Contrato 024\/2013 3A M\u00e9xico Agente de Seguros y Fianzas, S.A. de C.V.<\/th>\n<td>Lic. Jos\u00e9 Edel Tacuba Ram\u00edrez<\/td>\n<td>Adjudicaci\u00f3n Directa Art. 42<\/td>\n<td>15 de marzo de 2013 al 31 de diciembre de 2013<\/td>\n<td>$324,219.42<\/td>\n<td>N\/A<\/td>\n<td>Prestaci\u00f3n de Servicios de Asesor\u00eda Externa en Materia de Seguros<\/td>\n<td>Gerencia de Bienes Inmuebles y Servicios Generales<\/td>\n<\/tr>\n<tr>\n<th scope=\"row\">Contrato 069\/2013 Lic. Edwyn Daniel Olivares Olivares<\/th>\n<td>Lic. Jes\u00fas Francisco Hernandez<\/td>\n<td>Adjudicaci\u00f3n Directa Art. 42<\/td>\n<td>1 de octubre de 2013 al 31 de diciembre de 2013<\/td>\n<td>$90,000.00<\/td>\n<td>N\/A<\/td>\n<td>Rendici\u00f3n de Dict\u00e1menes Periciales en Materia de Grafoscopia y Documentoscopia en los Juicios Laborales Tramitados Contra Telecomunicaciones de M\u00e9xico en la Junta de Conciliaci\u00f3n y Arbitraje de esta Ciudad<\/td>\n<td>Direcci\u00f3n de Asuntos Jur\u00eddicos<\/td>\n<\/tr>\n<tr>\n<th scope=\"row\">Contrato 099\/2013 MM Faro, S.A. de C.V.<\/th>\n<td>Lic. Patricia Moreno Lacalle Guizar<\/td>\n<td>Invitaci\u00f3n a cuando menos tres personas<\/td>\n<td>19 de noviembre de 213 al 31 de diciembre de 2013<\/td>\n<td>$1,276,000.00<\/td>\n<td>N\/A<\/td>\n<td>Servicio Especializado de Dise\u00f1o y Desarrollo de la Identidad de Marca de Telecomunicaciones de M\u00e9xico<\/td>\n<td>Gerencia de Innovaci\u00f3n Administrativa<\/td>\n<\/tr>\n<tr>\n<th scope=\"row\">Contrato 102\/2013 Desarrollo y Construcciones Revilla, S.A. de C.V.<\/th>\n<td>Lic. Elvia Salas Guerrero<\/td>\n<td>Adjudicaci\u00f3n Directa Art. 42<\/td>\n<td>02 de diciembre de 2013 al 21 de enero de 2014<\/td>\n<td>$106,720.00<\/td>\n<td>N\/A<\/td>\n<td>Servicios relacionados con procesos jurisdiccionales, perito especializado en materia de inmuebles da\u00f1ados por sismos<\/td>\n<td>Direcci\u00f3n de Asuntos Jur\u00eddicos<\/td>\n<\/tr>\n<tr>\n<th scope=\"row\">Contrato 104\/2013 Zieven Mexicana S.A. de C.V.<\/th>\n<td>Ing. David Villegas Morales<\/td>\n<td>Adjudicaci\u00f3n Directa Art. 42<\/td>\n<td>28 de noviembre de 2013 al 27 de diciembre de 2013<\/td>\n<td>$277,142.33<\/td>\n<td>N\/A<\/td>\n<td>Estudios para Trabajos de remodelaci\u00f3n, Readecuaci\u00f3n, Mejoras y Correcciones a Sucursales Finabien Finabienes de Telecomm<\/td>\n<td>Gerencia de Bienes Inmuebles y Servicios Generales<\/td>\n<\/tr>\n<tr>\n<th scope=\"row\">Contrato 250\/13 Prieto, Ruiz de Velasco y Compa\u00f1\u00eda S.C.<\/th>\n<td>L.C. Claudia Laura Mancera Monroy<\/td>\n<td>Adjudicaci\u00f3n Directa 9a Sesi\u00f3n  Extraordinaria 2013<\/td>\n<td>23 de diciembre 2013 a la previa emisi\u00f3n por la S.F.P. del oficio de liberaci\u00f3n del finiquito<\/td>\n<td>$1,109,609.60<\/td>\n<td>N\/A<\/td>\n<td>Realizaci\u00f3n de Auditorias Externas<\/td>\n<td>Subdirecci\u00f3n de Presupuesto y Contabilidad<\/td>\n<\/tr>\n<tr>\n<th scope=\"row\">Contrato 006\/2014 Pag\u00e9s, Margalef, Ru\u00edz Priego &#038; G\u00f3mez-Salgado Abogados S.C.<\/th>\n<td>Gral. Jos\u00e9 Enrique Ortega Iniestra<\/td>\n<td>Adjudicaci\u00f3n Directa Art. 42<\/td>\n<td>20 de enero de 2014 al 18 de febrero de 2014<\/td>\n<td>$266,800.00<\/td>\n<td>N\/A<\/td>\n<td>Servicio de asesor\u00eda, para dar cumplimiento a lo establecido en el numeral 52 de las disposiciones de car\u00e1cter general a que hace referencia el articulo 95 bis de la ley general de operaciones y actividades auxiliares de cr\u00e9dito, aplicable a los transmisores de dinero a que se refiere el art\u00edculo 81 a-bis de la ley citada, publicada en el dof el 10 de abril de 2012, la verificaci\u00f3n de las actividades corresponden al ejercicio fiscal 2013.<\/td>\n<td>Subdirecci\u00f3n de Dise\u00f1o y Operaci\u00f3n de Sistemas de Protecci\u00f3n<\/td>\n<\/tr>\n<tr>\n<th scope=\"row\">Contrato 012\/2014 Perez G\u00f3ngora y Asociados S.C.<\/th>\n<td>L.C. Claudia Laura Mancera Monroy<\/td>\n<td>Adjudicaci\u00f3n Directa 1a Sesi\u00f3n Extraordinaria 2014<\/td>\n<td>14 de febrero de 2014 al 31 de diciembre de 2014<\/td>\n<td>$5,939,362.40<\/td>\n<td>N\/A<\/td>\n<td>Servicios profesionales t\u00e9cnicos de an\u00e1lisis y evaluaci\u00f3n en materia fiscal, financiera, presupuestaria y contable de la informaci\u00f3n que integra los estados financieros de Telecomunicaciones de M\u00e9xico<\/td>\n<td>Subdirecci\u00f3n de Presupuesto y Contabilidad<\/td>\n<\/tr>\n<tr>\n<th scope=\"row\">Contrato 027\/2014 Edwyn Daniel Olivares Olivares<\/th>\n<td>Lic. Elvia Salas Guerrero<\/td>\n<td>Adjudicaci\u00f3n directa art. 42<\/td>\n<td>03\/03\/2014 al 31\/12\/2014<\/td>\n<td>$210,000.00<\/td>\n<td>N\/A<\/td>\n<td>Emisi\u00f3n y rendici\u00f3n de dict\u00e1menes periciales en materia de grafoscop\u00eda y documentoscop\u00eda en los juicios laborales tramitados contra este organismo en las diversas juntas especiales de la federal de conciliaci\u00f3n y arbitraje en el distrito federal<\/td>\n<td>Direcci\u00f3n de Asuntos Jur\u00eddicos<\/td>\n<\/tr>\n<tr>\n<th scope=\"row\">Contrato gjcccfa\/017\/2014\/GA Plurianual 2014-2015 Central de Estrategias Pol\u00edticas, S.A. de C.V.<\/th>\n<td>Lic. Patricia Moreno Lacalle Guizar<\/td>\n<td>Invitaci\u00f3n a cuando menos tres personas<\/td>\n<td>9\/10\/2014 al 30\/03\/2015<\/td>\n<td>$1,297,576.00<\/td>\n<td>N\/A<\/td>\n<td>Asesor\u00eda y servicios de comunicaci\u00f3n (monto para 2014 $1,297,576.00 y 2015 $556,104.00) incluye iva<\/td>\n<td>Direcci\u00f3n de Planeaci\u00f3n<\/td>\n<\/tr>\n<tr>\n<th scope=\"row\">Contrato no. 260\/2014 (Funci\u00f3n P\u00fablica) Plurianual 2014-2015 Prieto, Ruiz de Velasco y Compa\u00f1\u00eda S.C.<\/th>\n<td>Prieto, Ruiz de Velasco y Compa\u00f1\u00eda s.c.<\/td>\n<td>Adjudicaci\u00f3n directa art. 41 fracci\u00f3n i<\/td>\n<td>1\/11\/2014 al 31\/10\/2015<\/td>\n<td>$1,177,792.07<\/td>\n<td>N\/A<\/td>\n<td>Prestaci\u00f3n de servicios que para la realizaci\u00f3n de auditor\u00edas externas (plurianual monto para 2014 $235,558.42 y 2015 $942,233.65 incluye iva)<\/td>\n<td>Direccion de Administraci\u00f3n Financiera<\/td>\n<\/tr>\n<tr>\n<th scope=\"row\">Contrato gjcccfa\/009\/2015\/GA Despacho Littler, de la Vega y Conde, S.C.<\/th>\n<td>Lic. Lisset Michelle Flores Garc\u00e9s<\/td>\n<td>Adjudicaci\u00f3n directa art. 42<\/td>\n<td>05\/01\/2015 al 07\/01\/2015<\/td>\n<td>$197,200.00<\/td>\n<td>N\/A<\/td>\n<td>Servicios para proporcionar asesor\u00eda jur\u00eddica y cuadyuvar en un proceso judicial en materia laboral colectiva.<\/td>\n<td>Departamento de Gesti\u00f3n de Asuntos Laborales y Penales de la D.A.J.<\/td>\n<\/tr>\n<tr>\n<th scope=\"row\">Contrato gjcccfa\/010\/2015\/GA Pages Margolef, Ruiz Priego y Gomez Salgado Abogados S.C.<\/th>\n<td>Gral. de div. d.e.m. ret. Juan Alfredo Oropeza Garnica<\/td>\n<td>Adjudicaci\u00f3n directa art. 42<\/td>\n<td>09\/02\/2015 al 24\/02\/2015<\/td>\n<td>$284,200.00<\/td>\n<td>N\/A<\/td>\n<td>Auditoria anual concerniente al numeral 52\u00aa de las disposiciones de car\u00e1cter general a que se refiere el articulo 95 bis de la ley general de organizaciones y actividades auxiliares de cr\u00e9dito, aplicables a los transmisores de dinero a que se refiere el articulo 81-a bis del mismo ordenamiento, publicadas en el d.o.f. el 10 de abril de 2012 de las disposiciones, relativo a la revisi\u00f3n de la administraci\u00f3n integral de riesgos.<\/td>\n<td>Direcci\u00f3n de la Unidad Estrat\u00e9gica de Inteligencia<\/td>\n<\/tr>\n<\/tbody>\n<\/table>\n","protected":false},"excerpt":{"rendered":"<p>Investigaciones, opiniones, encuestas, evaluaciones y dem\u00e1s proyectos de consultor\u00eda contratados o financiados con recursos p\u00fablicos. Contrato No. y proveedor Nombre de la persona f\u00edsica o moral que elaboro el estudio u opini\u00f3n Tipo de contrataci\u00f3n Periodo en el que se desarrollo Costo $MN Costo $USD Consulta el estudio u opini\u00f3n Unidad administrativa responsable de la &hellip;<\/p>\n<p class=\"read-more\"> <a class=\"\" href=\"https:\/\/finabien.gob.mx\/gobmx\/estudios-y-opiniones\/\"> <span class=\"screen-reader-text\">Estudios y Opiniones<\/span> Read More &raquo;<\/a><\/p>\n","protected":false},"author":4,"featured_media":0,"parent":0,"menu_order":0,"comment_status":"closed","ping_status":"closed","template":"page-fullwidth.php","meta":{"site-sidebar-layout":"default","site-content-layout":"default","ast-global-header-display":"","ast-banner-title-visibility":"","ast-main-header-display":"","ast-hfb-above-header-display":"","ast-hfb-below-header-display":"","ast-hfb-mobile-header-display":"","site-post-title":"","ast-breadcrumbs-content":"","ast-featured-img":"","footer-sml-layout":"","theme-transparent-header-meta":"","adv-header-id-meta":"","stick-header-meta":"","header-above-stick-meta":"","header-main-stick-meta":"","header-below-stick-meta":"","footnotes":""},"class_list":["post-100","page","type-page","status-publish","hentry"],"_links":{"self":[{"href":"https:\/\/finabien.gob.mx\/gobmx\/wp-json\/wp\/v2\/pages\/100","targetHints":{"allow":["GET"]}}],"collection":[{"href":"https:\/\/finabien.gob.mx\/gobmx\/wp-json\/wp\/v2\/pages"}],"about":[{"href":"https:\/\/finabien.gob.mx\/gobmx\/wp-json\/wp\/v2\/types\/page"}],"author":[{"embeddable":true,"href":"https:\/\/finabien.gob.mx\/gobmx\/wp-json\/wp\/v2\/users\/4"}],"replies":[{"embeddable":true,"href":"https:\/\/finabien.gob.mx\/gobmx\/wp-json\/wp\/v2\/comments?post=100"}],"version-history":[{"count":0,"href":"https:\/\/finabien.gob.mx\/gobmx\/wp-json\/wp\/v2\/pages\/100\/revisions"}],"wp:attachment":[{"href":"https:\/\/finabien.gob.mx\/gobmx\/wp-json\/wp\/v2\/media?parent=100"}],"curies":[{"name":"wp","href":"https:\/\/api.w.org\/{rel}","templated":true}]}}