{"id":552,"date":"2016-03-07T10:44:15","date_gmt":"2016-03-07T16:44:15","guid":{"rendered":"https:\/\/finabien.gob.mx\/gobmx\/?page_id=552"},"modified":"2016-03-07T10:44:15","modified_gmt":"2016-03-07T16:44:15","slug":"red-23-e-mexico","status":"publish","type":"page","link":"https:\/\/finabien.gob.mx\/gobmx\/red-23-e-mexico\/","title":{"rendered":"Red 23 e-M\u00e9xico"},"content":{"rendered":"<p><strong>Descripci\u00f3n<\/strong><\/p>\n<p>Red Satelital con la que se proporciona el servicio de Internet a 5,760 Centros Comunitarios Digitales (CCD\u00b4s) a trav\u00e9s de la Coordinaci\u00f3n de la Sociedad y el Conocimiento de la Secretar\u00eda de Comunicaciones y Transportes. Cada CCD cuenta con 11 computadoras promedio por sitio.<\/p>\n<p>Los usuarios finales incorporados a esta Red son Dependencias Gubernamentales como la Secretar\u00eda de Educaci\u00f3n P\u00fablica, Instituto Nacional para la Educaci\u00f3n de los Adultos, Secretar\u00eda de Comunicaciones y Transportes, Instituto Mexicano del Seguro Social, Comisi\u00f3n Nacional para el Desarrollo de los Pueblos Ind\u00edgenas, Consejo Nacional para la Cultura y las Artes, Secretar\u00eda de Desarrollo Social, Secretar\u00eda de Salud, Consejo Nacional de Fomento Educativo, Secretar\u00eda de Desarrollo Agrario, Territorial y Urbano, y el Instituto Nacional de Antropolog\u00eda e Historia.<\/p>\n<p><strong>Contacto Comercial<\/strong><\/p>\n<p>Para mayor informaci\u00f3n comunicarse con el Ing. Jos\u00e9 Mar\u00eda Riloba Gonz\u00e1lez, Subdirector Comercial de Telecomunicaciones, al tel\u00e9fono (55)50901158 o correo electr\u00f3nico <a href=\"mailto:josemaria.riloba@telecomm.gob.mx\">josemaria.riloba@telecomm.gob.mx<\/a> o con la Lic. Mar\u00eda de las Mercedes Rico Negr\u00f3n, Gerente de Administraci\u00f3n de Ventas de Servicios de Telecomunicaciones, al tel\u00e9fono (55)50901252 o correo electr\u00f3nico <a href=\"mailto:mercedes.rico@telecomm.gob.mx\">mercedes.rico@telecomm.gob.mx<\/a><\/p>\n","protected":false},"excerpt":{"rendered":"<p>Descripci\u00f3n Red Satelital con la que se proporciona el servicio de Internet a 5,760 Centros Comunitarios Digitales (CCD\u00b4s) a trav\u00e9s de la Coordinaci\u00f3n de la Sociedad y el Conocimiento de la Secretar\u00eda de Comunicaciones y Transportes. Cada CCD cuenta con 11 computadoras promedio por sitio. Los usuarios finales incorporados a esta Red son Dependencias Gubernamentales &hellip;<\/p>\n<p class=\"read-more\"> <a class=\"\" href=\"https:\/\/finabien.gob.mx\/gobmx\/red-23-e-mexico\/\"> <span class=\"screen-reader-text\">Red 23 e-M\u00e9xico<\/span> Read More &raquo;<\/a><\/p>\n","protected":false},"author":4,"featured_media":0,"parent":0,"menu_order":0,"comment_status":"closed","ping_status":"closed","template":"","meta":{"site-sidebar-layout":"default","site-content-layout":"default","ast-global-header-display":"","ast-banner-title-visibility":"","ast-main-header-display":"","ast-hfb-above-header-display":"","ast-hfb-below-header-display":"","ast-hfb-mobile-header-display":"","site-post-title":"","ast-breadcrumbs-content":"","ast-featured-img":"","footer-sml-layout":"","theme-transparent-header-meta":"","adv-header-id-meta":"","stick-header-meta":"","header-above-stick-meta":"","header-main-stick-meta":"","header-below-stick-meta":"","footnotes":""},"class_list":["post-552","page","type-page","status-publish","hentry"],"_links":{"self":[{"href":"https:\/\/finabien.gob.mx\/gobmx\/wp-json\/wp\/v2\/pages\/552","targetHints":{"allow":["GET"]}}],"collection":[{"href":"https:\/\/finabien.gob.mx\/gobmx\/wp-json\/wp\/v2\/pages"}],"about":[{"href":"https:\/\/finabien.gob.mx\/gobmx\/wp-json\/wp\/v2\/types\/page"}],"author":[{"embeddable":true,"href":"https:\/\/finabien.gob.mx\/gobmx\/wp-json\/wp\/v2\/users\/4"}],"replies":[{"embeddable":true,"href":"https:\/\/finabien.gob.mx\/gobmx\/wp-json\/wp\/v2\/comments?post=552"}],"version-history":[{"count":0,"href":"https:\/\/finabien.gob.mx\/gobmx\/wp-json\/wp\/v2\/pages\/552\/revisions"}],"wp:attachment":[{"href":"https:\/\/finabien.gob.mx\/gobmx\/wp-json\/wp\/v2\/media?parent=552"}],"curies":[{"name":"wp","href":"https:\/\/api.w.org\/{rel}","templated":true}]}}