{"id":935,"date":"2016-06-15T09:36:40","date_gmt":"2016-06-15T14:36:40","guid":{"rendered":"https:\/\/finabien.gob.mx\/gobmx\/?page_id=935"},"modified":"2021-07-22T13:48:02","modified_gmt":"2021-07-22T18:48:02","slug":"planes-programas-e-informes","status":"publish","type":"page","link":"https:\/\/finabien.gob.mx\/gobmx\/planes-programas-e-informes\/","title":{"rendered":"Planes, Programas e Informes"},"content":{"rendered":"<div id=\"content\">\n<p>Instrumentos de planeaci\u00f3n del Gobierno de la Rep\u00fablica y los resultados obtenidos producto de su implementaci\u00f3n.<\/p>\n<p><a title=\"Plan Nacional de Desarrollo\" href=\"https:\/\/www.pnd.gob.mx\" target=\"_blank\" rel=\"noopener noreferrer\">Plan Nacional de Desarrollo 2013 \u2013 2018 (https:\/\/pnd.gob.mx\/)<\/a><\/p>\n<h3>Programas: (de la Instituci\u00f3n)<\/h3>\n<hr class=\"red\" \/>\n<p><strong>Sectoriales<\/strong><\/p>\n<p><a href=\"https:\/\/finabien.gob.mx\/gobmx\/wp-content\/uploads\/2016\/02\/Programa-sectorial-comunicaciones-transportes-2013-2018.pdf\" target=\"_blank\" rel=\"noopener noreferrer\">Programa Sectorial de Comunicaciones y Transportes 2013-2018<\/a><\/p>\n<p><strong>Especiales<\/strong><\/p>\n<p><a href=\"https:\/\/finabien.gob.mx\/gobmx\/wp-content\/uploads\/2016\/02\/Programa-institucional-2008-2014.pdf\">Programa Institucional de Telecomunicaciones de M\u00e9xico 2014-2018<\/a><\/p>\n<ul>\n<li style=\"padding-left: 30px;\"><a href=\"https:\/\/finabien.gob.mx\/gobmx\/wp-content\/uploads\/2016\/02\/SCT-PT-2016-Estructura-y-CT-2_TELECOMM_v.250116.pdf\">Programa de Trabajo 2016<\/a><\/li>\n<li style=\"padding-left: 30px;\"><a href=\"https:\/\/finabien.gob.mx\/gobmx\/wp-content\/uploads\/2016\/02\/TELECOMM-Programa-de-Trabajo-2015-SCT-23-de-enero-2015.pdf\">Programa de Trabajo 2015<\/a><\/li>\n<li style=\"padding-left: 30px;\"><a href=\"https:\/\/finabien.gob.mx\/gobmx\/wp-content\/uploads\/2016\/02\/Programa-Trabajo-2014.docx\">Programa de Trabajo 2014<\/a><\/li>\n<\/ul>\n<p><strong>Transversales<\/strong><\/p>\n<p><a href=\"https:\/\/dof.gob.mx\/nota_detalle.php?codigo=5312422&amp;fecha=30\/08\/2013\" target=\"_blank\" rel=\"noopener noreferrer\">Programa para Democratizar la Productividad 2013-2018<\/a><br \/>\n<a href=\"https:\/\/finabien.gob.mx\/gobmx\/wp-content\/uploads\/2016\/02\/Programa-gobierno-cercano-moderno-2013-2018.pdf\" target=\"_blank\" rel=\"noopener noreferrer\">Programa para un Gobierno Cercano y Moderno (PGCM) <\/a><br \/>\n<a href=\"https:\/\/www.dof.gob.mx\/nota_detalle.php?codigo=5312418&amp;fecha=30\/08\/2013\" target=\"_blank\" rel=\"noopener noreferrer\">Programa Nacional para la Igualdad de Oportunidades y no Discriminaci\u00f3n contra las Mujeres (PROIGUALDAD 2013-2018)<\/a><\/p>\n<h3>Informes<\/h3>\n<hr class=\"red\" \/>\n<p><strong>De ejecuci\u00f3n del PND<\/strong><\/p>\n<p><a href=\"https:\/\/www.shcp.gob.mx\/EGRESOS\/contabilidad_gubernamental\/Paginas\/ejecucion_plan_desarrollo.aspx\">https:\/\/www.shcp.gob.mx\/EGRESOS\/contabilidad_gubernamental\/Paginas\/ejecucion_plan_desarrollo.aspx<\/a><\/p>\n<p><strong>De Gobierno<\/strong><\/p>\n<p><a href=\"https:\/\/www.presidencia.gob.mx\/informe\/\">https:\/\/www.presidencia.gob.mx\/informe\/<\/a><\/p>\n<p><strong>De Labores<\/strong><\/p>\n<p><a href=\"https:\/\/finabien.gob.mx\/gobmx\/wp-content\/uploads\/2016\/02\/Programa-trabajo-2015.docx\" target=\"_blank\" rel=\"noopener noreferrer\">Programa de Trabajo<\/a><\/p>\n<p><a href=\"https:\/\/finabien.gob.mx\/gobmx\/wp-content\/uploads\/2016\/02\/Segundo-informe-ejecucion-2014.docx\" target=\"_blank\" rel=\"noopener noreferrer\">Informe de Ejecuci\u00f3n<\/a><\/p>\n<h3>Informes de Gestiones Anteriores<\/h3>\n<hr class=\"red\" \/>\n<p><strong>Primera Etapa:<\/strong><\/p>\n<p><a href=\"https:\/\/finabien.gob.mx\/gobmx\/wp-content\/uploads\/2016\/02\/Rendicion-cuentas-1-etapa.pdf\" target=\"_blank\" rel=\"noopener noreferrer\">Informe de Rendici\u00f3n de Cuentas de la APF 2006-2012, correspondiente al periodo de diciembre de 2006 a diciembre de 2011.<\/a><\/p>\n<p><strong>Segunda Etapa:<\/strong><\/p>\n<p><a href=\"https:\/\/finabien.gob.mx\/gobmx\/wp-content\/uploads\/2016\/02\/Rendicion_cuentas-2-etapa.pdf\" target=\"_blank\" rel=\"noopener noreferrer\">Informe de Rendici\u00f3n de Cuentas de la APF 2006-2012, correspondiente al periodo de enero a junio de 2012.<\/a><\/p>\n<p><strong>Tercera Etapa:<\/strong><\/p>\n<p><a href=\"https:\/\/finabien.gob.mx\/gobmx\/wp-content\/uploads\/2016\/02\/Rendicion-cuentas-3-etapa.pdf\" target=\"_blank\" rel=\"noopener noreferrer\">Informe de Rendici\u00f3n de Cuentas de la APF 2006-2012, correspondiente al periodo de julio a noviembre de 2012.<\/a><\/p>\n<\/div>\n","protected":false},"excerpt":{"rendered":"<p>Instrumentos de planeaci\u00f3n del Gobierno de la Rep\u00fablica y los resultados obtenidos producto de su implementaci\u00f3n. Plan Nacional de Desarrollo 2013 \u2013 2018 (https:\/\/pnd.gob.mx\/) Programas: (de la Instituci\u00f3n) Sectoriales Programa Sectorial de Comunicaciones y Transportes 2013-2018 Especiales Programa Institucional de Telecomunicaciones de M\u00e9xico 2014-2018 Programa de Trabajo 2016 Programa de Trabajo 2015 Programa de Trabajo &hellip;<\/p>\n<p class=\"read-more\"> <a class=\"\" href=\"https:\/\/finabien.gob.mx\/gobmx\/planes-programas-e-informes\/\"> <span class=\"screen-reader-text\">Planes, Programas e Informes<\/span> Read More &raquo;<\/a><\/p>\n","protected":false},"author":4,"featured_media":0,"parent":0,"menu_order":0,"comment_status":"closed","ping_status":"closed","template":"","meta":{"site-sidebar-layout":"default","site-content-layout":"default","ast-global-header-display":"","ast-banner-title-visibility":"","ast-main-header-display":"","ast-hfb-above-header-display":"","ast-hfb-below-header-display":"","ast-hfb-mobile-header-display":"","site-post-title":"","ast-breadcrumbs-content":"","ast-featured-img":"","footer-sml-layout":"","theme-transparent-header-meta":"","adv-header-id-meta":"","stick-header-meta":"","header-above-stick-meta":"","header-main-stick-meta":"","header-below-stick-meta":"","footnotes":""},"class_list":["post-935","page","type-page","status-publish","hentry"],"_links":{"self":[{"href":"https:\/\/finabien.gob.mx\/gobmx\/wp-json\/wp\/v2\/pages\/935","targetHints":{"allow":["GET"]}}],"collection":[{"href":"https:\/\/finabien.gob.mx\/gobmx\/wp-json\/wp\/v2\/pages"}],"about":[{"href":"https:\/\/finabien.gob.mx\/gobmx\/wp-json\/wp\/v2\/types\/page"}],"author":[{"embeddable":true,"href":"https:\/\/finabien.gob.mx\/gobmx\/wp-json\/wp\/v2\/users\/4"}],"replies":[{"embeddable":true,"href":"https:\/\/finabien.gob.mx\/gobmx\/wp-json\/wp\/v2\/comments?post=935"}],"version-history":[{"count":0,"href":"https:\/\/finabien.gob.mx\/gobmx\/wp-json\/wp\/v2\/pages\/935\/revisions"}],"wp:attachment":[{"href":"https:\/\/finabien.gob.mx\/gobmx\/wp-json\/wp\/v2\/media?parent=935"}],"curies":[{"name":"wp","href":"https:\/\/api.w.org\/{rel}","templated":true}]}}